9
Let w(b) = 7 + 0*b - 1 - 2*b + 3*b. Let h be w(-8). What is the tens digit of 12 + -1*(-4)/h?
1
Let z be (-2 - 3)*(-2 + 1). Suppose -28 = -4*o + z*a, -5*o = -3*o - a - 14. Let p = 0 + o. What is the units digit of p?
7
Let h = -25 - -5. Let i = 8 + h. Let g = 19 + i. What is the units digit of g?
7
Suppose 4*h - 999 = -5*h. Let c = h - 34. What is the units digit of c?
7
Let y(k) = -k**2 - 9*k + 4. Let m(u) = u**2 + 10*u - 3. Let n(v) = -5*m(v) - 6*y(v). What is the tens digit of n(5)?
3
Let g(t) = 0*t**3 - 72*t - 8*t**2 + 5 - t**3 + 88*t. Let l be g(-11). Suppose 280 = 5*a + 2*v + 40, -v = -4*a + l. What is the tens digit of a?
4
Suppose 20*w + 3902 = 22*w. What is the thousands digit of w?
1
Suppose 38*m - 59*m = -13251. What is the units digit of m?
1
Suppose -3*y - 378 = -3*w, -w = -4*w - y + 394. Let z = -71 + w. What is the units digit of z?
9
Suppose -2*v = -4*r - 56, 0*r - 5*r + 10 = 0. Suppose -39 = 5*q + d + v, -3*d = 3. What is the tens digit of 48/112 + (-456)/q?
3
Suppose -4*v = -13 + 1. Suppose 61 + v = 2*g. What is the tens digit of g?
3
Suppose 4*w + 32 = -16. Let m(q) = q**2 + 10*q + 13. Let p be m(-9). Let b = p - w. What is the units digit of b?
6
Let w(v) = 4 - 10*v - 9*v + 20*v. Let n(l) = -l**2 + l - 1. Let r be n(2). What is the units digit of w(r)?
1
Suppose 3*a - 2343 = -3*o, 0 = 2*o - 21*a + 20*a - 1553. What is the tens digit of o?
7
Suppose -5*f + 28 = -7*p + 5*p, 2*f - 20 = 3*p. What is the hundreds digit of 506/f + 3/(-6)?
1
Let w(t) = -1 - 9*t + 28 - 11*t**2 + t**3 - 5. Let s = 43 - 31. What is the units digit of w(s)?
8
Suppose -2*p + m = -5, 5*p - m + 0*m - 14 = 0. Suppose -374 = -p*h - 32. Suppose 0 = -6*g + 9*g - h. What is the tens digit of g?
3
Suppose 0*g - 8 = -2*g. Suppose j - 5*j = -5*i - 448, 0 = -g*j - i + 448. What is the hundreds digit of j?
1
Let u(p) = 4*p**3 + p**2 - 8*p + 16. What is the tens digit of u(5)?
0
Let u = 29 + -27. Suppose u*c = -2*c + 104. What is the units digit of c?
6
Let c(y) = y**3 - 7*y**2 + y - 2. Let b be c(7). Suppose -80 = -0*k + b*k. Let j = -15 - k. What is the units digit of j?
1
Suppose 2*n = -3*r + 481, 37*n = 32*n - 3*r + 1198. What is the tens digit of n?
3
Let u(j) be the first derivative of 53/3*j**3 + j - j**2 - 4. What is the tens digit of u(1)?
5
Let s(n) = 14*n**3 + 2*n**2 - 4*n + 18. What is the units digit of s(3)?
2
Suppose -129 = 3*c - 1080. What is the tens digit of c?
1
Let s(o) = -2*o + 11 - 2 - o. What is the tens digit of s(-7)?
3
Let x be (-4)/16 + 3 + 63/12. Suppose x = -s + 40. What is the units digit of s?
2
Let v(h) = h**2 - 22*h - 22. Let k be v(17). Let f = -62 - k. Suppose 0 = -s + 6*s - f. What is the units digit of s?
9
Let f(r) = r**2 - 6*r - 24. Let b be f(9). Suppose 60 = b*c - 279. What is the units digit of c?
3
Let w be (-1)/(-3)*-2*-6 - -1. Suppose -3*g - 566 = -5*g + 3*i, w*i + 1405 = 5*g. What is the hundreds digit of g?
2
Let u be 0/(9/3*-1). Suppose -109 = -m + 2*d, u = -5*m + m - d + 409. What is the hundreds digit of m?
1
Let k(g) = -9*g**3 - 2*g**2 - 11*g - 7*g**2 - 4 + 8*g**3. Let f be k(-7). Let o = 49 + f. What is the tens digit of o?
2
Suppose -321*x - 11080 = -331*x. What is the tens digit of x?
0
Suppose -4*j + 5*l + 1226 = 18, 0 = j - 3*l - 309. Suppose -4*z + j = 13. What is the units digit of z?
1
What is the tens digit of (6 + 162/(-30))*110?
6
Let v = 4649 + -1379. What is the thousands digit of v?
3
Let c(p) = -p**3 + 17*p**2 + 26*p - 28. Let u be c(14). Suppose 4*f - u + 128 = 0. What is the units digit of f?
9
Suppose -4*s - 138 - 326 = 0. Let c be 7/(14/s) + 2. Let d = c - -87. What is the units digit of d?
1
Let j = 1804 + -1188. What is the units digit of j?
6
Let v(y) = y**3 + 27*y**2 - y - 64. What is the units digit of v(-26)?
8
Let m be (-3)/(-15) - 7278/(-10). Let t = -517 + m. What is the units digit of t?
1
Let i(r) = r**3 + 39*r**2 - 26*r + 206. What is the tens digit of i(-37)?
0
Let j(y) = -10*y + 19. Suppose 3*m = -m + 4*f - 68, -5*f = 5*m + 45. What is the units digit of j(m)?
9
Let z = 500 - -42. What is the units digit of z?
2
Suppose 3*z + i = 14, 2*z + 3*i - 13 = 8. Suppose 4*s + z*s - 147 = 0. What is the units digit of s?
1
Let t(a) = a**2 - a - 145. Let c be t(0). Let m = c + 29. What is the tens digit of 4/(-2) - m/4?
2
Let n(l) = 26*l**2 + 2*l - 29. What is the tens digit of n(-7)?
3
Let n(z) be the second derivative of -z**5/20 + 5*z**4/4 - 17*z**3/6 - 17*z**2/2 + 41*z. What is the hundreds digit of n(9)?
3
Let t be -186*(-2 + 1) - 1/(-1). What is the units digit of ((-1)/1 + t)*(-1)/(-3)?
2
Let g(n) = n**3 - 11*n**2 + 5*n + 4. Let f(o) = -5*o**2 + 3*o + 2. Let q(r) = 7*f(r) - 3*g(r). What is the units digit of q(-3)?
7
Suppose -16*k = -20*k - 40. Let w be 44 - 5*(-4)/k. Let l = w + 1. What is the units digit of l?
3
Suppose -3*k = 5*p - 4361, 19 - 21 = p. What is the units digit of k?
7
Let b = 169 + -29. Suppose -5*o = -5*q + b, 3*q - 2*q = 3*o + 28. What is the units digit of q?
8
Let l(o) = -23*o - 9. Let z be l(15). Let y = -226 - z. What is the tens digit of y?
2
Let q be (-12)/(-4) - (-39)/1. What is the units digit of ((-14)/q)/((-2)/750)?
5
Suppose 5*u = 949 + 126. What is the units digit of u?
5
Let a(y) = 20*y. Let g be a(-4). What is the tens digit of (g/6)/(20/(-30))?
2
Suppose 3*n = -2*y + 53, 2*y + 4*n + n = 47. What is the units digit of y + 1 + (-11 - -15)?
6
Suppose 4*h - 10794 = -2*z, -2*z = -3*h - 4*z + 8093. What is the units digit of h?
1
Suppose 36 = 2*m + 4*m. Suppose -5*i + m*c = c - 110, -10 = -i - 5*c. What is the units digit of i?
0
Let o be 164/6 - 3/9. Suppose -l + o = -5*s, -2*l - 2*l = -s - 108. What is the tens digit of 3/l*3*57?
1
Let o(k) = -37*k - 1. Let z = -70 + 67. What is the hundreds digit of o(z)?
1
Let t(d) = -d**3 + 4*d**2 - 4. Let n be t(4). Let j(s) = s**3 + 4*s**2 - 2*s - 6. What is the units digit of j(n)?
2
Let i(u) = u**2 + 10*u + 11. Let a be i(-9). Suppose a*z - 160 = -3*z. What is the tens digit of z + -2 + (-18)/(-3)?
3
Suppose 5*z = -54 + 4. Suppose -33 + 188 = 5*j. Let h = z + j. What is the tens digit of h?
2
Let i(w) = -w**2 + 2*w + 3. Let k be i(3). Suppose -4*o + 5*y = -178, k = -4*o - 2*y + 147 + 45. What is the tens digit of o?
4
Suppose -5*f + 5*s = -1460, -f - 21*s + 17*s + 287 = 0. What is the units digit of f?
1
Let k = 6 - 5. Suppose 3*n = -2*j + 10, -j - 5*n + k - 3 = 0. What is the units digit of j?
8
Suppose 10*t - 5*t - 1170 = 0. Suppose -2*p + t = -0*p. What is the tens digit of p?
1
Let h(y) = 21*y + 20. What is the hundreds digit of h(7)?
1
Let j(d) = -d**2 - 28*d + 80. What is the tens digit of j(-28)?
8
Suppose 2*x - 40 = 4*o, -x - 4*x = -4*o - 106. What is the units digit of (x/4)/(4/40)?
5
Suppose 4*p - 57 = 151. Let j = p - 40. What is the units digit of j?
2
Suppose -30 = -5*o - 5*i, 0*i + 9 = -o + 2*i. What is the units digit of 384/8 + -1*o?
7
Let a be (-2)/(-4)*(8 + -8). What is the units digit of a + 2*(-1 + 30)?
8
Let n be (-132)/9*(-9 - -6). Suppose -5*w + n = -101. What is the units digit of w?
9
Suppose u - 5*y + 17 = 5*u, 0 = -u - 2*y + 5. Suppose 0 = 4*b + u*f - 29, b + b + f = 15. What is the units digit of (28/b)/((-2)/(-4))?
7
What is the units digit of 6*(3 + -4)*(-1227)/6?
7
Let c(t) = -t**2 + 4*t + 11. Let q be c(7). Let i = q - -14. Suppose 4*h - 2 = -4*o + 118, -i*h = -3*o - 99. What is the tens digit of h?
2
Let r(x) = 29*x**2 - 7*x + 9. Suppose 0 = v - 11*v + 20. What is the tens digit of r(v)?
1
Suppose -o - 2*l = 0, -2*o + l + 3*l - 24 = 0. Suppose 5 = -m + 27. Let j = o + m. What is the tens digit of j?
1
Let u = -491 - -1363. What is the units digit of u?
2
What is the tens digit of 10/8 + 29903/68?
4
Let z(c) = c**2 - 9*c - 7. Let x be z(10). Suppose 0 = -x*r - r. Suppose 5*p - 8 - 32 = r. What is the units digit of p?
8
What is the units digit of 6271/9 + 728/117 + -6?
7
What is the tens digit of -906*((-40)/15 + 2)?
0
Let t = -800 - -1396. What is the tens digit of t?
9
Let j(d) = d**3 - 6*d**2 + 4*d + 5. Let v be j(5). Let h be 6 - (1 - v - -1). Let p = 8 - h. What is the units digit of p?
4
Let c = -189 + 723. What is the tens digit of c?
3
Let p = -66 + 69. What is the hundreds digit of 1*3 - (p + 1236/(-6))?
2
Let r be (-40)/(-15)*3/2. Suppose -r*i + p = -0*i - 540, -5*i - 